 - a**2 + 4*a - 6. Calculate w(2).
14
Let w(j) = -j**3 - 8*j**2 + 12*j + 32. Determine w(-9).
5
Let v(h) = h**2 - 4*h + 2. Give v(3).
-1
Let i(x) = 2*x**2 + x + 2. Calculate i(-4).
30
Let a(z) = 3*z - 19. What is a(8)?
5
Let k(q) = -3*q**2 + 6*q + 7. What is k(6)?
-65
Let n(q) = -3*q**3 - 2*q**2 + 3*q + 4. What is n(-1)?
2
Let z(t) = -3*t**3 + 2*t**2 - 6*t + 3. Calculate z(1).
-4
Let n(m) = -24*m + 161. Calculate n(6).
17
Let y(a) = -a**2 + 5*a - 12. Calculate y(6).
-18
Let j(m) = m**3 - 6*m**2 - 32*m + 171. Calculate j(7).
-4
Let o(t) = 2*t**3 + 13*t**2 + 5*t + 1. Calculate o(-6).
7
Let n(x) = 7*x**2 + 3*x - 2. Give n(-2).
20
Let d(o) = -o**2 + 4*o + 1. Calculate d(3).
4
Let g(j) = 4*j - 10. Determine g(1).
-6
Let n(l) = l**2 + 17*l + 61. Calculate n(-8).
-11
Let d(a) = a**2 + 2*a - 2. Determine d(-2).
-2
Let i(c) = 2*c + 5. Give i(-6).
-7
Let c(d) = 29*d + 40. Determine c(-2).
-18
Let s(x) = -8*x - 24. Determine s(-6).
24
Let i(j) = -18*j - 16. Calculate i(-3).
38
Let l(g) = 7*g**3 - 2*g**2 - 4*g - 3. What is l(-2)?
-59
Let v(i) = 2*i**3 - 3*i + 2. Calculate v(2).
12
Let s(z) = 5*z. What is s(-5)?
-25
Let l(k) = k**3 + 15*k**2 - 3*k + 12. Give l(-15).
57
Let r(u) = -2*u**2 + 24*u + 18. What is r(12)?
18
Let d(i) = i**2 + 20*i + 30. What is d(-16)?
-34
Let i(w) = 2*w + 17. Give i(12).
41
Let t(a) = 9*a**2 + 3*a - 2. Determine t(-3).
70
Let l(q) = -7*q - 11. Calculate l(-9).
52
Let g(v) = -3*v + 45. What is g(10)?
15
Let l(t) = t**3 - t**2 - 2*t + 3. Determine l(0).
3
Let s(f) = -2*f**2 - 4*f - 4. Give s(-5).
-34
Let t(o) = -o + 10. Give t(0).
10
Let m(g) = -g**2 + 13*g - 5. Give m(8).
35
Let t(n) = -n**2 + 11*n + 17. Calculate t(15).
-43
Let x(j) = -4*j + 10. Give x(3).
-2
Let d(j) = -18*j - 101. Determine d(-5).
-11
Let j(r) = 3*r + 50. Determine j(0).
50
Let d(z) = z - 2. Give d(3).
1
Let s(c) = -74*c**2 + 3*c + 4. What is s(-1)?
-73
Let q(i) = -i**3 - 17*i**2 - 15*i + 9. Calculate q(-16).
-7
Let j(t) = t**2 + 7*t - 5. Give j(-6).
-11
Let n(v) = 10*v + 14. Determine n(-1).
4
Let g(p) = p**3 + 55*p**2 - p - 60. What is g(-55)?
-5
Let g(n) = -9*n**2 + n + 1. What is g(1)?
-7
Let y(v) = v**2 + v - 16. Calculate y(-7).
26
Let f(j) = 4*j**3 + 2*j**2 + 7*j + 5. Give f(-2).
-33
Let k(p) = -p**3 + 22*p**2 + p - 21. Determine k(22).
1
Let c(f) = 54*f**2 - 1. Determine c(-1).
53
Let w(f) = -2*f**2 + 7*f. Give w(5).
-15
Let t(r) = r**2 + 11*r + 8. Give t(-11).
8
Let i(g) = -g**3 + 8*g**2 + 1. Give i(8).
1
Let v(d) = -4*d - 30. Determine v(-7).
-2
Let j(t) = t**3 - 9*t**2 + 9*t + 10. Determine j(8).
18
Let s(o) = 7*o + 35. Determine s(-6).
-7
Let u(l) = l**3 + 9*l**2 + 8*l - 8. Calculate u(-8).
-8
Let o(z) = -z**2 + 7*z - 1. What is o(5)?
9
Let i(k) = -71*k**3 + 1. Calculate i(-1).
72
Let i(z) = -4*z - 6. Calculate i(-4).
10
Let f(u) = -u + 13. Determine f(-5).
18
Let d(i) = i**2 - 4*i - 7. What is d(4)?
-7
Let m(x) = -2*x**2 + 7*x + 1. What is m(5)?
-14
Let j(n) = -4*n + 93. Calculate j(23).
1
Let f(q) = q**2 + 17*q + 51. What is f(-13)?
-1
Let r(f) = -69*f**2 + 3*f + 2. Determine r(-1).
-70
Let b(r) = -r**3 + 6*r**2 - 4*r + 6. Determine b(4).
22
Let t(r) = -40*r**3 - r**2 + 5*r - 3. Calculate t(1).
-39
Let q(d) = 6*d**2 - 114*d - 120. Give q(20).
0
Let j(x) = x + 4. Determine j(11).
15
Let d(i) = 3*i**2 - 8*i - 3. Determine d(4).
13
Let g(o) = o**2 + 3*o + 5. Determine g(-3).
5
Let r(o) = 10*o + 14. Determine r(-3).
-16
Let z(t) = -t**2 + 2*t - 1. Determine z(2).
-1
Let b(w) = 11*w + 2. Give b(-1).
-9
Let j(y) = -3*y**2 + 5*y - 7. What is j(4)?
-35
Let h(z) = z + 25. Give h(-12).
13
Let f(x) = x**2 + 7*x - 12. What is f(5)?
48
Let a(j) = 3*j + 5. Calculate a(6).
23
Let w(h) = 14*h - 8. Give w(2).
20
Let t(f) = f**3 + 4*f**2 - f - 20. Calculate t(0).
-20
Let k(o) = 5*o**2 + 236*o + 34. Calculate k(-47).
-13
Let z(s) = -2*s**3 + s**2 + 5*s - 3. Calculate z(2).
-5
Let y(s) = -76*s**2 - 9*s + 10. Give y(1).
-75
Let h(y) = -y**3 - y**2 - y - 7. Give h(0).
-7
Let o(d) = d**2 + 7*d + 11. Determine o(-5).
1
Let v(m) = m**2 - 11*m + 9. Calculate v(10).
-1
Let u(r) = -r**3 - 6*r**2 + 7*r - 15. Determine u(-7).
-15
Let l(w) = w**3 - 5*w**2 - 6*w + 5. Calculate l(6).
5
Let n(a) = -4*a - 30. Calculate n(-7).
-2
Let b(v) = -6*v + 28. Give b(8).
-20
Let o(w) = -33*w - 46. What is o(-3)?
53
Let o(m) = m**2 - 19*m + 17. What is o(13)?
-61
Let p(l) = l**2 - 10*l - 9. Calculate p(11).
2
Let p(b) = -5*b - 6. Determine p(0).
-6
Let s(j) = -j + 1. Give s(1).
0
Let v(y) = -y**3 - 3*y**2 + 16*y + 7. What is v(-6)?
19
Let h(z) = z**2 - 4*z - 5. Determine h(-2).
7
Let i(q) = 4*q - 14. Give i(2).
-6
Let n(p) = 18*p + 82. Determine n(-5).
-8
Let o(n) = 13*n**2. Determine o(-1).
13
Let q(f) = -f + 14. Determine q(7).
7
Let q(x) = x**2 + 4*x + 4. Determine q(-4).
4
Let s(b) = -4*b + 6. Determine s(4).
-10
Let p(n) = 20*n - 1429. Give p(72).
11
Let p(m) = -m**3 - 2*m**2 + 6*m - 2. What is p(-4)?
6
Let n(i) = i**3 + 2*i**2 - 25. Give n(0).
-25
Let b(z) = -2*z**3 - 4*z**2 + 4*z + 6. Give b(-4).
54
Let t(p) = -42*p - 12. Determine t(-2).
72
Let i(p) = -p**3 - 9*p**2 - 22*p - 8. Determine i(-6).
16
Let y(p) = 9*p + 1. What is y(-1)?
-8
Let q(n) = -2*n**2 + 2*n + 4. What is q(4)?
-20
Let r(h) = -h**2 + 8*h. Determine r(7).
7
Let h(x) = x**3 - 12*x**2 - 5*x - 96. Give h(13).
8
Let y(w) = w**3 - 4*w**2 - 3*w + 3. What is y(2)?
-11
Let d(t) = t + 16. Determine d(-17).
-1
Let m(y) = y**2 - 2*y - 32. Give m(-5).
3
Let x(t) = t**3 + 15*t**2 + 53*t + 6. Give x(-6).
12
Let p(b) = -20*b + 89. What is p(4)?
9
Let v(o) = o**3 + 15*o**2 - o - 15. What is v(-15)?
0
Let x(l) = l**3 + 2*l**2 - 56*l - 7. Give x(0).
-7
Let s(x) = -9*x**2 - 70*x - 70. Determine s(-1).
-9
Let u(j) = -j. Give u(4).
-4
Let z(v) = -v**2 - 7*v - 1. What is z(-7)?
-1
Let t(p) = -8*p + 2. Calculate t(2).
-14
Let a(i) = -i**3 - 7*i**2 + 7*i + 9. Determine a(-8).
17
Let x(w) = -w**2 + w + 9. Determine x(3).
3
Let j(t) = -t**2 + 13*t - 14. Determine j(1).
-2
Let g(n) = -n - 9. Calculate g(-5).
-4
Let q(i) = 3*i + 10. What is q(-13)?
-29
Let k(i) = -2*i - 5. Calculate k(-4).
3
Let z(f) = 6*f - 20. Determine z(5).
10
Let c(l) = l**3 + 7*l**2 - 5*l - 9. What is c(-8)?
-33
Let d(b) = -37*b**2 + b + 2. Give d(-1).
-36
Let o(y) = y**2 + 13*y + 14. Calculate o(-12).
2
Let p(w) = -29*w + 3. What is p(1)?
-26
Let r(q) = q**2 + 12*q + 4. What is r(-5)?
-31
Let y(w) = -w**3 - 10*w**2 + 20*w - 42. What is y(-12)?
6
Let s(p) = -p + 12. Determine s(-12).
24
Let d(c) = 4*c - 40. What is d(6)?
-16
Let f(i) = -12*i - 17. Calculate f(4).
-65
Let y(x) = 3*x**3 + 12*x**2 + x + 5. Determine y(-4).
1
Let r(y) = 3*y**2 + 13*y - 10. Give r(-5).
0
Let y(s) = 2*s - 2. Give y(-2).
-6
Let w(u) = -2*u**2 + u. What is w(5)?
-45
Let o(c) = -c**3 - 2*c**2 - c - 2. Give o(0).
-2
Let b(z) = -8*z**2 + 2*z - 2. Determine b(1).
-8
Let s(t) = -t**3 + 15*t**2 + 17*t - 15. Give s(16).
1
Let b(t) = t**2 - 8*t - 15. What is b(11)?
18
Let a(l) = -l**3 - 6*l**2 - 2*l + 9. Give a(-4).
-15
Let x(c) = -c**3 + 4*c**2 + 7*c + 26. What is x(5)?
36
Let q(h) = -h**2 + 21*h + 166. Calculate q(-6).
4
Let g(v) = -v**3 - 4*v**2 + 3*v + 8. Determine g(-4).
-4
Let z(v) = 4*v + 49. What is z(-14)?
-7
Let g(t) = -19*t**2 - 2. Determine g(-1).
-21
Let n(f) = -f**3 + 4*f**2 + 3*f - 7. Determine n(-2).
11
Let g(o) = -o**2 + 14*o + 19. What is g(13)?
32
Let x(f) = -f**2 + 9*f - 16. Determine x(6).
2
Let u(h) = -h**3 + 13*h**2 - 21*h - 17. Calculate u(11).
-6
Let t(y) = y**3 + 19*y**2 + 70*y - 5. Determine t(-14).
-5
Let s(i) = -i**2 - 19. Calculate s(0).
-19
Let l(j) = j**2 + 5*j - 10. What is l(-7)?
4
Let f(c) = 10*c**3 + 2*c**2 - c. Give f(1).
11
Let h(b) = 5*b**3 - b + 1. Give h(1).
5
Let f(w) = w**3 - 22*w**2 + 21*w + 15. Calculate f(21).
15
Let d(a) = -a**3 + 11*a**2 - 19*a + 11. What is d(9)?
2
Let o(n) = 2*n - 23. Give o(14).
5
Let y(u) = u**2 + 7*u + 6. Determine y(-6).
0
Let p(j) = -j**3 - 34*j**2 + 35*j - 31. Determine p(-35).
-31
Let p(m) = 2*m**2 + 3*m. Calculate p(-3).
9
Let i(x) = x**3 + 7*x**2 - 17. Give i(-7).
-17
Let n(c) = 57*c - 288. Give n(5).
-3
Let l(w) = w**3 - 13*w**2 + 11*w + 15. Calculate l(12).
3
Let p(z) = 2*z**2 - 52*z - 232. What is p(30)?
8
Let u(x) = 6*x - 3. Calculate u(3).
15
Let k(o) = -o**3 + 21. Give k(0).
21
Let y(f) = -18*f + 23. Determine y(5).
-67